-333. List the prime factors of f.
3, 37
Let d(u) = 3*u - 35 - 10*u - 16 - 2*u**3 + 6 - 12*u**2. What are the prime factors of d(-7)?
2, 3, 17
Let o = -973 + 10806. What are the prime factors of o?
9833
What are the prime factors of 216/(-28) + 2/(-7) - (-1 - 1876)?
3, 7, 89
Let b(d) = d**2 + 3*d - 16. Let m(x) = x**2 + 2*x - 23. Let s(k) = -2*b(k) + 3*m(k). Suppose -6*q = -11*q - 60. List the prime factors of s(q).
107
Let t(q) = -q**3 - 21*q**2 + 19*q - 76. Let l be t(-22). Let x(y) = -21*y - 26. List the prime factors of x(l).
2, 23
Let r(h) be the second derivative of -61*h**3/3 - 88*h**2 - h + 8. List the prime factors of r(-7).
2, 3, 113
Let l(x) = -6*x**2 + 12*x - x + 7*x**2 - 15. Let w(v) = v**3 - 26*v**2 - 30*v + 93. Let m be w(27). What are the prime factors of l(m)?
3, 29
Let m(b) = 3*b + 9. Let p be m(10). Suppose 2*a - 29 = 3*a. Let i = p + a. List the prime factors of i.
2, 5
Let g be 135 - 3*(-4)/(-12). Suppose -g = -9*d + 316. List the prime factors of d.
2, 5
Suppose -2*k - 5*b - 21 = -25, 2*k = -2*b + 4. Suppose -3036 = -4*w - 2*y, -w - k*y = -268 - 497. What are the prime factors of w?
757
Let b(k) = -k**2 - 7*k - 8. Let t = -48 + 44. Let q be b(t). Suppose -5*h = 2*o - 57, q*o = 5*h + 48 + 21. What are the prime factors of o?
3, 7
Let m(t) = 29*t - 6. Let n = 53 - 55. Let x(j) = j**2 - 2. Let l be x(n). What are the prime factors of m(l)?
2, 13
Suppose -4*v - 7 = -5*w, -4*w - w = 4*v - 23. Suppose -84 = -w*x - 0*x. Suppose 0 = j + 2, 2*j = -2*i - 2 + x. What are the prime factors of i?
3, 5
Let r(w) = -2*w**3 - 39*w**2 + 48*w - 24. Let s be r(-20). What are the prime factors of s/(-2)*(26/4 - 6)?
2, 73
Let k be -3*-2*37 + 85/17. List the prime factors of (-5)/((-30)/(-4))*(44 - k).
2, 61
Let q = 9583 - 6274. List the prime factors of q.
3, 1103
Let a(t) = 3*t**2 - 6*t - 162. Let c be a(48). Suppose -3109*r = -3103*r - c. What are the prime factors of r?
3, 359
Suppose -2*a = -5*a + 123. Let g = a + -41. Suppose -s + g*s = -104. What are the prime factors of s?
2, 13
What are the prime factors of (-5)/(-1) + (2001 + 1)*2?
19, 211
Let y = -2882 - -11602. What are the prime factors of y?
2, 5, 109
Let w(y) = 2*y**2 - 12*y + 82. Let p be w(-28). Let x = p - 1305. What are the prime factors of x?
3, 227
Suppose -2*y - 400 = q, 6*y - 10*y + 3*q - 770 = 0. Let f(l) = 12*l**3 - l**2 + 4. Let s be f(-3). Let x = y - s. List the prime factors of x.
2, 3, 11
Suppose -23*o + 3*z + 8802 = -20*o, -4*o = 4*z - 11728. List the prime factors of o.
7, 419
Let a be (-1 + -1)/2 - -3. Let s be ((-13 - -6)/((-1)/146))/(-1). What are the prime factors of (s/42)/(a/(-6))?
73
What are the prime factors of 2*6*257655/180?
89, 193
Let v be 3 - 1*-52 - 15/15. Suppose v*l - 49*l - 10 = 0, 4*h + 4*l - 2884 = 0. What are the prime factors of h?
719
Suppose -112 = -u - 2*o, 4*u - 438 = 5*o - 3*o. Let h = u + -22. List the prime factors of h.
2, 11
What are the prime factors of 44/(-99)*-9 - -2604?
2, 163
Let f = 21 - -12. What are the prime factors of 56857/33 + 2/f?
1723
Let o = 3365 - -3279. List the prime factors of o.
2, 11, 151
Let a be 45/(-135)*(-1 - -1). Suppose 11*z - 1949 + 387 = a. What are the prime factors of z?
2, 71
Let c = 5530 + -1911. Let z = -2553 + c. What are the prime factors of z?
2, 13, 41
List the prime factors of 45896/(-5)*35/(-28).
2, 5737
Let z(p) = 382*p - 2721. List the prime factors of z(40).
19, 661
Suppose 36*v - 33*v - 5*g - 59477 = 0, -6 = -3*g. List the prime factors of v.
79, 251
Let l be (144/(-468))/((-2)/26). Suppose 0*p + 4*k - 1836 = -2*p, -3*p - l*k + 2752 = 0. What are the prime factors of p?
2, 229
Suppose 4*p - 2*p = -10*p + 67572. What are the prime factors of p?
3, 1877
Let h = -7872 - -12627. What are the prime factors of h?
3, 5, 317
Let d = 7398 + -4567. List the prime factors of d.
19, 149
Let m be 26784/24*(-2)/4. Let g = m - -1330. List the prime factors of g.
2, 193
Let z be 34485/(-27) + 3 + 225/(-81). Let m = -718 - z. List the prime factors of m.
13, 43
Let n be (-1 + -2)/((-8)/(-16)). Let u = n - 1. List the prime factors of 1472/(-112)*u/2.
2, 23
Suppose 3*k - 2*t + 0*t = 1622, 559 = k + 3*t. Let f = -356 + k. Suppose 148 = 7*z - f. List the prime factors of z.
2, 3
Let t(m) = m**3 + 53*m**2 + 79*m - 68. What are the prime factors of t(-51)?
5, 13, 17
Let p = 70 - -338. Let f = p + -57. List the prime factors of f.
3, 13
Suppose 5*z = -20, 14*t - z - 2955 = 13*t. List the prime factors of t.
13, 227
Let y = -7129 + 43251. What are the prime factors of y?
2, 18061
Suppose -17*i - 112 = -25*i. Suppose -i*y + 2052 = -9330. What are the prime factors of y?
3, 271
Let h = 55543 - 8806. List the prime factors of h.
3, 577
Suppose 23*u - 30 = 21*u. Suppose -b - m + 5 = 0, 0 = -3*b + 3*m + u. Suppose -n = -b, 0*k - 5*n = -k + 141. List the prime factors of k.
2, 83
Let i = -471 + 142. Let l = i + 754. List the prime factors of l.
5, 17
Let j = 16126 + -8366. What are the prime factors of j?
2, 5, 97
Suppose v + 3 = 0, 5*v - 42069 = -3*r + 24777. List the prime factors of r.
3, 17, 19, 23
Let r(o) = 51 + 4*o**2 - 24 + 10*o - 25. Let s = -16 - -11. List the prime factors of r(s).
2, 13
Let n(p) = 479*p - 7442. What are the prime factors of n(111)?
11, 4157
Suppose -56*o - 30488 = 46*o - 106*o. What are the prime factors of o?
2, 37, 103
Let j(a) = -a**3 - 28*a**2 - 148*a + 18. Let q be j(-21). Suppose 2*w - h - 49 = -4*h, -w + 7 = 5*h. Let i = q + w. List the prime factors of i.
71
Let s = -40 - -301. Let f = 487 - s. List the prime factors of f.
2, 113
Suppose 2*a = 3 + 5, -92 = -l - 2*a. List the prime factors of l/((21/(-28))/((-7)/2)).
2, 7
Suppose -27 + 12 = -5*u. Suppose 0 = -5*q - 25, 160 = h + u*q + 21. List the prime factors of h.
2, 7, 11
Suppose -11*v + 10*v = 6, 0 = 5*m + 5*v - 61655. List the prime factors of m.
13, 73
Suppose 0 = l + l + q - 8, l - 4 = -4*q. Let o(t) be the third derivative of 11*t**5/60 - 3*t**4/8 - 7*t**3/6 - t**2 - 22*t. List the prime factors of o(l).
7, 19
Let n(g) = 9*g**3 - 4*g**2 - 9*g + 25. Let m be n(3). Let w = m + 36. What are the prime factors of w?
241
Let h = 6887 + 34426. What are the prime factors of h?
3, 47, 293
Suppose -2*v = -0*v - 4. Suppose 4*k + a - 8 = 0, 3*k - 6 = -4*a + 2*a. Suppose -k*j - 3*y = -28, v*j + 2*y - 32 = -0*j. List the prime factors of j.
2, 5
Suppose 3*d = 11 - 5. Suppose 7*l - d*l = 3*c + 601, -2*l = -5*c - 248. Let o = -8 + l. List the prime factors of o.
3, 37
Let q = 3951 + 16805. What are the prime factors of q?
2, 5189
Suppose 23*t - 25*t = 12. Let d be (-3)/(4 + t + 1). Suppose 5*v = -d*c - 187 + 522, 4*v - 2*c - 246 = 0. List the prime factors of v.
2
Suppose -2037 + 9669 = -16*h. Let j = -50 - h. What are the prime factors of j?
7, 61
Let j = -5812 + 9514. What are the prime factors of j?
2, 3, 617
Suppose 2 = v + 2. Suppose 0 = -5*l - v*l + 15. Suppose l*w - 29 - 7 = 0. List the prime factors of w.
2, 3
Suppose 5*w = 237 - 1047. Let t(k) = 9*k**2 - k + 14. Let g be t(5). Let h = g + w. What are the prime factors of h?
2, 3
Let x = -53 + 498. Suppose -16 = -4*p, 3*p - x = -4*z + 3715. What are the prime factors of z?
17, 61
Let x(d) = -283*d - 4. Let v be x(1). Let k = v + 815. Suppose 0 = -9*q + 5*q + k. List the prime factors of q.
2, 3, 11
Let q = 92 + -94. Let v be 0/((28/42)/(q/(-6))). Suppose -2*o - 33 + 265 = v. List the prime factors of o.
2, 29
Let y(t) = t**3 - 5*t**2 - 46*t - 5. Let b be y(10). Suppose -a + 40*k + 1149 = b*k, -5*a = -5*k - 5805. List the prime factors of a.
2, 3, 97
Let r = 633 + -633. Suppose r = 5*q - 6241 - 2314. List the prime factors of q.
29, 59
Let d be 4 + (-4 - -3 - 0/4). Suppose -15 = 2*t - 3*t - 3*p, 0 = d*t + 3*p - 27. Suppose t*c - 2370 = -4*c. List the prime factors of c.
3, 79
Let i(c) = 218*c**2 - 282*c - 132. What are the prime factors of i(14)?
2, 4831
What are the prime factors of (-91692)/4*10/(-15)?
2, 3, 283
Suppose 5 = 4*n - 87. Suppose -n*s = -22*s - 6. Suppose 0 = -4*t - 2*z + 24, 5*t = z - s*z + 35. List the prime factors of t.
5
Let u(s) = -32*s**3 - 9*s**2 - 38*s - 121. What are the prime factors of u(-7)?
2, 3, 5, 89
What are the prime factors of (338/(-39) + 9)*(3 - (-108108)/3)?
41, 293
Let h = 7705 - 2942. What are the prime factors of h?
11, 433
Suppose 0 = -p 